 102 (base 3) to base 9.
12
What is 122 (base 11) in base 7?
265
What is -3 (base 15) in base 4?
-3
-25 (base 13) to base 2
-11111
Convert -3a (base 15) to base 2.
-110111
Convert 4 (base 10) to base 14.
4
Convert -1 (base 15) to base 7.
-1
-55 (base 8) to base 13
-36
-22 (base 8) to base 4
-102
Convert -103 (base 5) to base 12.
-24
-53 (base 12) to base 13
-4b
Convert 24 (base 7) to base 13.
15
What is -18 (base 15) in base 5?
-43
-1 (base 10) to base 16
-1
What is -2 (base 8) in base 12?
-2
What is -1 (base 13) in base 8?
-1
32 (base 14) to base 15
2e
What is -130 (base 6) in base 5?
-204
10 (base 16) to base 11
15
Convert -4 (base 7) to base 4.
-10
Convert -3 (base 5) to base 4.
-3
What is 10 (base 3) in base 9?
3
-1 (base 2) to base 9
-1
Convert 2 (base 12) to base 6.
2
What is 142 (base 12) in base 6?
522
-10 (base 7) to base 8
-7
Convert -21102 (base 3) to base 8.
-310
-1 (base 6) to base 5
-1
Convert 16 (base 11) to base 14.
13
Convert -3 (base 8) to base 16.
-3
-10 (base 3) to base 11
-3
What is -13 (base 6) in base 7?
-12
What is -68 (base 15) in base 2?
-1100010
34 (base 16) to base 4
310
Convert 26 (base 7) to base 4.
110
-212 (base 3) to base 7
-32
What is a (base 12) in base 9?
11
What is -12 (base 7) in base 16?
-9
-1000 (base 2) to base 7
-11
Convert 14 (base 7) to base 11.
10
What is 10 (base 8) in base 9?
8
2 (base 7) to base 8
2
Convert 44 (base 6) to base 8.
34
Convert 5 (base 8) to base 4.
11
What is -4 (base 16) in base 10?
-4
Convert 55 (base 9) to base 14.
38
Convert -5 (base 16) to base 15.
-5
What is 0 (base 9) in base 10?
0
132 (base 9) to base 10
110
Convert 12 (base 5) to base 13.
7
Convert -7 (base 11) to base 9.
-7
What is -112 (base 3) in base 8?
-16
What is 139 (base 14) in base 15?
117
-115 (base 8) to base 6
-205
What is -94 (base 10) in base 15?
-64
What is 17 (base 15) in base 10?
22
2100 (base 4) to base 2
10010000
What is 1020 (base 3) in base 5?
113
-39 (base 13) to base 3
-1210
What is -68 (base 13) in base 3?
-10012
Convert 27 (base 9) to base 15.
1a
What is 12 (base 7) in base 8?
11
-6 (base 14) to base 5
-11
-311 (base 7) to base 13
-bc
Convert 0 (base 9) to base 8.
0
What is 4 (base 15) in base 16?
4
What is 2 (base 15) in base 8?
2
What is 5 (base 16) in base 3?
12
-22 (base 5) to base 9
-13
Convert 10101 (base 2) to base 4.
111
Convert -14 (base 14) to base 4.
-102
8 (base 12) to base 14
8
c (base 15) to base 9
13
What is -22 (base 16) in base 12?
-2a
Convert -1 (base 3) to base 7.
-1
Convert -c (base 14) to base 16.
-c
15 (base 7) to base 14
c
-34 (base 12) to base 3
-1111
-11001 (base 4) to base 9
-386
-b (base 14) to base 5
-21
Convert -20122 (base 3) to base 12.
-12b
-1 (base 10) to base 13
-1
Convert 1 (base 13) to base 16.
1
2 (base 8) to base 5
2
What is 0 (base 13) in base 16?
0
42 (base 7) to base 16
1e
What is -40 (base 15) in base 11?
-55
What is -31 (base 15) in base 13?
-37
What is 1001 (base 2) in base 9?
10
What is -43 (base 13) in base 7?
-106
What is 11100 (base 2) in base 5?
103
What is 67 (base 9) in base 12?
51
Convert 503 (base 8) to base 2.
101000011
What is -52 (base 10) in base 2?
-110100
Convert -64 (base 7) to base 8.
-56
What is 7 (base 15) in base 11?
7
-30 (base 7) to base 15
-16
Convert 6 (base 12) to base 4.
12
1001 (base 2) to base 7
12
What is -2 (base 7) in base 4?
-2
Convert -23 (base 7) to base 5.
-32
30 (base 5) to base 11
14
1203 (base 4) to base 7
201
Convert -10 (base 11) to base 4.
-23
Convert 29 (base 14) to base 2.
100101
What is -1100 (base 3) in base 16?
-24
1200 (base 3) to base 11
41
What is 140 (base 7) in base 14?
57
What is 3 (base 12) in base 11?
3
-13 (base 4) to base 11
-7
Convert -37 (base 16) to base 8.
-67
Convert 2 (base 8) to base 2.
10
Convert -2 (base 11) to base 14.
-2
Convert -101 (base 2) to base 8.
-5
Convert -100 (base 12) to base 10.
-144
What is -103 (base 4) in base 3?
-201
-1211 (base 4) to base 3
-10202
What is 10 (base 2) in base 8?
2
Convert -a3 (base 11) to base 6.
-305
What is -121 (base 4) in base 15?
-1a
What is 3 (base 12) in base 9?
3
4 (base 6) to base 8
4
Convert -36 (base 9) to base 14.
-25
Convert 4 (base 11) to base 15.
4
What is -102 (base 5) in base 8?
-33
What is -3 (base 6) in base 13?
-3
Convert -12 (base 11) to base 5.
-23
What is 11 (base 10) in base 5?
21
-331 (base 8) to base 14
-117
424 (base 6) to base 9
187
What is -24 (base 10) in base 15?
-19
Convert -98 (base 10) to base 11.
-8a
160 (base 7) to base 6
231
Convert 45 (base 6) to base 8.
35
114 (base 9) to base 7
163
What is 1020 (base 3) in base 7?
45
Convert 5 (base 7) to base 15.
5
-5 (base 7) to base 14
-5
Convert -34 (base 14) to base 6.
-114
Convert -8 (base 15) to base 5.
-13
144 (base 10) to base 15
99
-11 (base 5) to base 15
-6
Convert -100111 (base 2) to base 7.
-54
-1424 (base 5) to base 16
-ef
10 (base 8) to base 9
8
Convert 1 (base 8) to base 12.
1
What is 196 (base 11) in base 4?
3202
What is 200 (base 3) in base 9?
20
Convert -6 (base 8) to base 15.
-6
Convert -63 (base 10) to base 4.
-333
Convert 7 (base 14) to base 5.
12
What is 1 (base 9) in base 13?
1
-111 (base 3) to base 12
-11
Convert -1 (base 3) to base 6.
-1
What is 27 (base 12) in base 7?
43
What is 10 (base 2) in base 16?
2
-10011 (base 2) to base 15
-14
-34 (base 5) to base 11
-18
-2 (base 6) to base 2
-10
Convert -66 (base 9) to base 14.
-44
0 (base 12) to base 5
0
-1f (base 16) to base 14
-23
What is 38 (base 10) in base 7?
53
What is -1 (base 13) in base 11?
-1
Convert -21 (base 3) to base 13.
-7
What is 21 (base 5) in base 12?
b
What is 16 (base 16) in base 5?
42
2 (base 14) to base 8
2
Convert -16 (base 7) to base 6.
-21
-10 (base 7) to base 10
-7
Convert -112 (base 5) to base 2.
-100000
What is 150 (base 11) in base 16?
b0
-100010 (base 2) to base 13
-28
11 (base 5) to base 4
12
Convert 41 (base 11) to base 4.
231
Convert -3 (base 7) to base 3.
-10
What is -4 (base 14) in base 12?
-4
13 (base 11) to base 16
e
What is 12 (base 7) in base 15?
9
47 (base 8) to base 6
103
3 (base 16) to base 4
3
Convert 15 (base 9) to base 10.
14
-11100 (base 4) to base 2
-101010000
Convert -3144 (base 5) to base 15.
-1d4
101010 (base 2) to base 3
1120
What is -12 (base 4) in base 10?
-6
Convert -2 (base 12) to base 15.
-2
Convert -1231 (base 5) to base 16.
-bf
1 (base 7) to base 14
1
Convert -45 (base 12) to base 11.
-49
9 (base 11) to base 6
13
Convert -104 (base 9) to base 13.
-67
What is 111001 (base 2) in base 16?
39
What is -100 (base 4) in base 6?
-24
Convert -233 (base 6) to base 4.
-1131
221 (base 4) to base 5
131
100 (base 2) to base 16
4
Convert 31 (base 4) to base 13.
10
-8a (base 16) to base 11
-116
-3 (base 14) to base 15
-3
4 (base 7) to base 5
4
-59 (base 12) to base 7
-126
What is 31 (base 7) in base 10?
22
What is -2 (base 8) in base 7?
-2
Convert -10 (base 2) to base 13.
-2
-33 (base 8) to base 6
-43
Convert 1045 (base 6) to base 5.
1440
Convert 9 (base 10) to base 7.
12
Convert 42 (base 11) to base 8.
56
-6 (base 11) to base 8
-6
-11 (base 2) to base 7
-3
7 (base 16) to base 5
12
What is -10000000 (base 2) in base 9?
-152
What is -2 (base 10) in base 8?
-2
-1 (base 9) to base 8
-1
13 (base 5) to base 15
8
Convert -11 (base 13) to base 15.
-e
Convert -10111 (base 2) to base 6.
-35
4 (base 13) to base 7
4
What is -210 (base 4) in base 8?
-44
Convert 0 (base 14) to base 5.
0
What is -22 (base 14) in base 8?
-36
4 (base 6) to base 2
100
Convert 3 (base 4) to base 12.
3
-100101 (base 3) to base 15
-11d
-4 (base 12) to base 14
-4
12 (base 15) to base 5
32
Convert 11 (base 3) to base 7.
4
Convert 5 (base 6) to base 15.
5
3 (base 15) to base 3
10
Convert 134 (base 8) to base 2.
1011100
Convert -16 (base 8) to base 10.
-14
Convert 20 (base 3) to base 6.
10
-153 (base 8) to base 14
-79
100011 (base 2) to base 15
25
What is 1 (base 14) in base 4?
1
111 (base 2) to base 16
7
-173 (base 10) to base 3
-20102
Convert -11 (base 4) to base 12.
-5
What is -61 (base 11) in base 10?
-67
-36 (base 9) to base 6
-53
Convert -30 (base 9) to base 14.
-1d
What is -69 (base 11) in base 6?
-203
What is -2 (base 6) in base 12?
-2
What is -1 (base 14) in base 13?
-1
Convert 6 (base 8) to base 4.
12
Convert -11d (base 14) to base 6.
-1011
1a (base 11) to base 7
30
46 (base 13) to base 9
64
Convert 